{"id":64,"date":"2022-01-05T19:13:27","date_gmt":"2022-01-05T19:13:27","guid":{"rendered":"https:\/\/carteamagului.ro\/tarot\/?page_id=64"},"modified":"2023-05-19T19:48:22","modified_gmt":"2023-05-19T19:48:22","slug":"prima-pagina","status":"publish","type":"page","link":"https:\/\/carteamagului.ro\/tarot\/","title":{"rendered":"AUTO-PORTRET ARHETIPAL"},"content":{"rendered":"\n<p>Cunoa\u0219te-te pe tine \u00eensu\u021bi \u0219i vei cunoa\u0219te \u00eentregul Univers \u0219i zeii. Fiecare Om e un Univers. Un caleidoscop de aspecte, m\u0103\u0219ti, arhetipuri se exprim\u0103 \u00een EL, GENER\u00c2ND o LUME unic\u0103. Dintre toate fe\u021bele omului, UNA singur\u0103, ascuns\u0103 \u0219i misterioas\u0103, conduce jocul. Iar dac\u0103 \u00eei \u00een\u021belegi impulsurile, puterile \u0219i sl\u0103biciunile, vei \u0219ti cum s\u0103-l joci, astfel ca nimic s\u0103 nu mai poat\u0103 sta \u00een CALEA des\u0103v\u00e2r\u0219irii tale.<\/p>\n\n\n\n<p>Vrei s\u0103 \u0219tii cine e\u0219ti? De unde vii? \u00cencotro te \u00eendrep\u021bi? Cum s\u0103-\u021bi \u00een\u021belegi \u0219i s\u0103-\u021bi \u00eembun\u0103t\u0103\u021be\u0219ti via\u021ba \u00een toate aspectele? <a href=\"https:\/\/carteamagului.ro\/tarot\/mandala-personala-in-tarot\/\">ALEGE CaleaTarotului<\/a><\/p>\n","protected":false},"excerpt":{"rendered":"<p>Cunoa\u0219te-te pe tine \u00eensu\u021bi \u0219i vei cunoa\u0219te \u00eentregul Univers \u0219i zeii. Fiecare Om e un Univers. Un caleidoscop de aspecte, m\u0103\u0219ti, arhetipuri se exprim\u0103 \u00een EL, GENER\u00c2ND o LUME unic\u0103. Dintre toate fe\u021bele omului, UNA singur\u0103, ascuns\u0103 \u0219i misterioas\u0103, conduce jocul. Iar dac\u0103 \u00eei \u00een\u021belegi impulsurile, puterile \u0219i sl\u0103biciunile, vei \u0219ti cum s\u0103-l joci, astfel &hellip; <\/p>\n<p class=\"link-more\"><a href=\"https:\/\/carteamagului.ro\/tarot\/\" class=\"more-link\">Continu\u0103 lectura<span class=\"screen-reader-text\"> \u201eAUTO-PORTRET ARHETIPAL\u201d<\/span><\/a><\/p>\n","protected":false},"author":1,"featured_media":0,"parent":0,"menu_order":0,"comment_status":"closed","ping_status":"closed","template":"","meta":{"footnotes":""},"class_list":["post-64","page","type-page","status-publish","hentry"],"_links":{"self":[{"href":"https:\/\/carteamagului.ro\/tarot\/wp-json\/wp\/v2\/pages\/64","targetHints":{"allow":["GET"]}}],"collection":[{"href":"https:\/\/carteamagului.ro\/tarot\/wp-json\/wp\/v2\/pages"}],"about":[{"href":"https:\/\/carteamagului.ro\/tarot\/wp-json\/wp\/v2\/types\/page"}],"author":[{"embeddable":true,"href":"https:\/\/carteamagului.ro\/tarot\/wp-json\/wp\/v2\/users\/1"}],"replies":[{"embeddable":true,"href":"https:\/\/carteamagului.ro\/tarot\/wp-json\/wp\/v2\/comments?post=64"}],"version-history":[{"count":10,"href":"https:\/\/carteamagului.ro\/tarot\/wp-json\/wp\/v2\/pages\/64\/revisions"}],"predecessor-version":[{"id":1733,"href":"https:\/\/carteamagului.ro\/tarot\/wp-json\/wp\/v2\/pages\/64\/revisions\/1733"}],"wp:attachment":[{"href":"https:\/\/carteamagului.ro\/tarot\/wp-json\/wp\/v2\/media?parent=64"}],"curies":[{"name":"wp","href":"https:\/\/api.w.org\/{rel}","templated":true}]}}